t - 4*k - 166, -9*k + 6*k - 168 = -t. List the prime factors of t.
2, 3, 29
Suppose 0 = -3*l + 4*i + 120, l - 4*l - i + 120 = 0. Let u(z) = -3*z**2 + 148*z - 97. List the prime factors of u(l).
3, 11, 31
Let w(t) = -t**2 + 13*t - 15. Let y(f) be the third derivative of -f**5/30 + 11*f**4/24 + f**3 - 15*f**2. Let i be y(5). List the prime factors of w(i).
7
Let q be -21 + (4/14 - (-16)/(-56)). Let o = 24 - q. Suppose o*k - 44*k - 51 = 0. List the prime factors of k.
3, 17
What are the prime factors of (((-270972)/26)/(-27))/((2/4)/1)?
2, 193
Let a = 2186 + -1217. Let t = -2 + a. List the prime factors of t.
967
What are the prime factors of (-7)/(-2) - 745706/(-172)?
4339
Let q be 13/((-13)/(-30))*2/3. Let y = q - 15. What are the prime factors of (y/(-30)*-3)/((-2)/(-188))?
47
Let y be (4 - -3) + (-3 - 2/(-2)). Let b(o) = -o + 10. Let u be b(y). Suppose -4*t + u = 4*z - 83, z = -4*t + 22. What are the prime factors of z?
2, 11
Let a(d) = -583*d**3 - 5*d**2 - 19*d - 24. What are the prime factors of a(-4)?
2, 3, 13, 239
What are the prime factors of (-86547)/(-34)*(-120)/(-18)?
2, 5, 1697
Let l be (-1)/(-2) - (-162)/12. Let v(o) = -3*o + 34. Let d be v(l). List the prime factors of (-1)/(2/d) - -98.
2, 3, 17
Suppose 19038 = 53*m - 2162. What are the prime factors of m?
2, 5
Let m(d) = 2*d**3 - 3*d**3 + 11*d - 19 - 19*d**2 + 7*d**2. Let x be 18/6 - 10 - 18/3. List the prime factors of m(x).
7
Suppose 3*y - r = 96739, 378*r + 161205 = 5*y + 383*r. What are the prime factors of y?
5, 6449
Let k(n) be the second derivative of -n**5/20 - 29*n**4/12 - 6*n**3 + 5*n**2/2 - n + 1. What are the prime factors of k(-28)?
229
Let b = -53 + 56. Suppose 2*h = 6, b*j - 5*h + 2*h = 1278. Suppose 2*f - 7*f = 3*g - 265, 5*g = -2*f + j. What are the prime factors of g?
5, 17
Let x be (-29*2/8)/((-29)/116). Suppose 0 = x*d - 25*d - 2968. List the prime factors of d.
2, 7, 53
Suppose 13*u + 0*u - 99091 = 173415. What are the prime factors of u?
2, 47, 223
Let w(o) = 6*o**3 + 10*o**2 - 53*o - 92. List the prime factors of w(9).
5, 13, 71
Let r be 1 + (16/(-10))/(2/5). Let s be 45/9 + r/1. Suppose 0 = 4*t - s*t - 424. What are the prime factors of t?
2, 53
Suppose 2*b = 81*c - 77*c + 25618, 5*b = 4*c + 64033. List the prime factors of b.
5, 13, 197
List the prime factors of ((-3909)/1)/((30/8)/(-5)).
2, 1303
Suppose 4*u + 117*n - 14075 = 120*n, 4*u = -n + 14055. List the prime factors of u.
5, 19, 37
Let a = 155 + -147. Suppose -4*p + x + 299 = 0, 72 + 80 = 2*p + 2*x. Let w = p + a. List the prime factors of w.
83
Suppose q = -l, -6*l + 4*q = -l - 45. Suppose 11*w - 654 = l*w. Let h = w - 36. List the prime factors of h.
73
Suppose -98*x = -122*x + 426936. What are the prime factors of x?
17789
Let k = -35 - -66. Suppose -30*f = -k*f + 3. Let x(i) = 4*i**3 - i**2 - 4*i. What are the prime factors of x(f)?
3, 29
List the prime factors of (-24)/3 - (-1)/((-5)/(-147970)*1).
2, 3, 4931
Suppose f + 5 = 19. Suppose -280 = 10*q - f*q. Suppose -4*v + q + 106 = 0. What are the prime factors of v?
2, 11
Suppose -2*n = 3*u - 12, -u - 9 = -5*n + 2*u. Suppose 0 = 3*o + n*r - 21, 25 + 10 = 5*o - 2*r. Suppose o*k = k + 12. What are the prime factors of k?
2
Let v(d) = -d**3 + 8*d**2 - 3*d + 1. Let w be v(3). Let z = 62 - w. Let f(c) = -2*c**2 + 58*c - 30. What are the prime factors of f(z)?
2, 5, 17
Suppose -501*i + 256*i + 257*i - 143388 = 0. List the prime factors of i.
3, 7, 569
Suppose 7*t - 900 = 2*t. Let s be (240/(-45))/((-1)/t). Suppose 0 = 3*r - 4*n + 43 - 619, 2*n + s = 5*r. List the prime factors of r.
2, 3
Suppose 0 = -3*g + 96 + 48. Suppose -12*m = -86 + 14. Let p = g + m. List the prime factors of p.
2, 3
Let m = 64 - 70. List the prime factors of 544/(-12)*m/4.
2, 17
Let f(o) = 8*o**3 + 2*o**2 + 6*o + 6. Let d be f(-2). Let y = d - -93. List the prime factors of y.
31
Let f(o) = 201*o - 677. List the prime factors of f(20).
3343
Let z be ((-4)/6)/((-11)/33) + 3. Suppose 1 = s + z, 0 = -3*d + 2*s + 14. Suppose p = 4*t + 19 + 84, p - 121 = -d*t. List the prime factors of p.
5, 23
Suppose 0 = -650*d + 647*d + 4*p + 15444, -20592 = -4*d + 2*p. What are the prime factors of d?
2, 3, 11, 13
What are the prime factors of 3 + (3 - 1)*(-48362)/(-4)?
2, 3023
Let k(p) = -8*p - 6. Let q be k(-1). Suppose 5*x - q*i - 6 = 6, 2*x + 4*i - 24 = 0. Suppose -x*j - j + 125 = 0. List the prime factors of j.
5
Let j(t) = -t**2 + 10*t + 18. Let u(n) = 2*n**2 - 9*n - 18. Let o(m) = 3*j(m) + 2*u(m). Let s = 81 - 97. List the prime factors of o(s).
2, 41
Suppose j - 4*h - 19 = 0, -3*j + 2*h + 14 + 3 = 0. Suppose 0*i = -j*i - 21. Let n(d) = 2*d**2 + 10*d + 3. List the prime factors of n(i).
31
Suppose 3*s + 2*s - 24417 = 2958. List the prime factors of s.
3, 5, 73
List the prime factors of 1 + 27166 + (-12)/(-30) + 4/(-10).
7, 3881
Suppose -4*q = 5*n - 8, 2*q + q = 4*n - 25. Let m be 35/(-28) + 3 + 1/4 + 0. Suppose -m*w = 2*l - 150 - 36, n*w = l + 387. List the prime factors of w.
2, 3
Let o(n) = n**2 + 2*n - 17. Let z be o(-7). Suppose -23*f = -20*f - z. What are the prime factors of f/(-4)*(-3450)/45?
5, 23
List the prime factors of (-4)/(-72)*2 + (-3178560)/(-135).
5, 17, 277
Let t(s) = 1508*s + 5249. What are the prime factors of t(26)?
3, 7, 29, 73
Let z = 19 + 183. Let n = -107 + 112. Suppose -5*b + z = 2*l, n*b - 240 = -3*l + 53. List the prime factors of l.
7, 13
Suppose 295*d + 1123 = 296*d. Suppose d - 4961 = -38*r. List the prime factors of r.
101
Suppose -11*n + 16*n = -r + 15525, 3*r - 4*n = 46670. List the prime factors of r.
2, 5, 311
Let t(g) = 89*g + 101. What are the prime factors of t(18)?
13, 131
Let o(z) = 35*z + 880. Let q be o(-25). Suppose 2*h + 3 + 1 = 0. What are the prime factors of 85/h*(-16)/q?
2, 17
Suppose 25360 = -42*i + 234814. List the prime factors of i.
4987
Let h(l) = -1616*l - 214. Let r(y) = 323*y + 42. Let t(k) = 2*h(k) + 11*r(k). What are the prime factors of t(2)?
2, 13
Suppose -27*s + 23*s = -3020. Let x = s - -19. What are the prime factors of x?
2, 3, 43
Suppose -63691 = -12*k + 198281. List the prime factors of k.
3, 19, 383
Let f be ((-4)/6 + 0)/((-10)/3780). Let w = 429 - f. Suppose 1367 = 7*g + w. List the prime factors of g.
2, 5, 17
Let d(b) = -b**3 + 31*b**2 + 44*b - 250. Let u be d(32). Suppose -125 = 4*m + 235. Let s = u + m. What are the prime factors of s?
2, 11
What are the prime factors of (21 + 1359/(-45))*((-7170)/(-4))/(-1)?
3, 23, 239
Suppose 0 = 13*r - 12*r - 241. Let s = r - -454. What are the prime factors of s?
5, 139
Suppose 0 = 4*o - 7*o - 6. Let x be o + 2 + 3 + 7. Suppose -x*a - 133 = -1063. What are the prime factors of a?
3, 31
Let i(n) = -994*n + 13. Let f be (-45)/36 - (-3)/12. List the prime factors of i(f).
19, 53
Suppose -489252 = -100*m + 2400548. What are the prime factors of m?
2, 14449
Suppose 13754 = -1905*z + 1928*z. List the prime factors of z.
2, 13, 23
Suppose 5*c + 3*k = 71058, 0 = c + 6*k - 4*k - 14206. What are the prime factors of c?
2, 3, 23, 103
Let s(j) = -j**2 - 132*j + 115. List the prime factors of s(-80).
3, 5, 19
Let m = 33 - -63. Suppose -4*k + 151 = -5*f, m = 3*k + 2*f - 0*f. Suppose -6*d + 368 = -k. List the prime factors of d.
67
List the prime factors of (-3876)/(1/(-21)*7).
2, 3, 17, 19
Let h = 894 - -396. Suppose 2*b + h = 8*b. Suppose -2*g + l + 172 = 2*g, -5*g - 5*l + b = 0. List the prime factors of g.
43
Suppose -119*k + 115*k = -p - 89189, p + 22295 = k. What are the prime factors of k?
2, 11149
Suppose 5 - 23 = -3*p. Let v(f) = -18*f - 93. Let x(q) = 14*q + 62. Let o(h) = 5*v(h) + 8*x(h). List the prime factors of o(p).
163
Suppose 10*a - 9 = -59. List the prime factors of (a/((-30)/219))/(6/252).
3, 7, 73
Suppose -680*q + 66708 = -671*q. What are the prime factors of q?
2, 17, 109
Let l = 15 - 10. Let g = -459 - -442. What are the prime factors of (3 + -3)/l - g?
17
What are the prime factors of (28/(-13) - (-44)/286) + 9112?
2, 5, 911
Suppose -71*m + 28106 = -70*m - 5*w, 3*w = 3*m - 84234. What are the prime factors of m?
3, 3119
List the prime factors of (-30 - -23) + (-149786)/(-14).
2, 3, 11
Let i be 2/(-34) + (-468)/(-153). Let c(o) = 65*o**2 + 29*o - 80. What are the prime factors of c(i)?
2, 37
Suppose 5*j = -3*m + 73, 44 = 3*m + j - 9. Suppose -4*y = -4*d - 5*y + 2656, -m